{"id":65,"date":"2021-12-01T20:41:32","date_gmt":"2021-12-01T20:41:32","guid":{"rendered":"http:\/\/pruebawpale.terra-animal-laserena.com\/?page_id=65"},"modified":"2026-04-23T12:00:15","modified_gmt":"2026-04-23T12:00:15","slug":"equipo","status":"publish","type":"page","link":"https:\/\/veterinaria.terra-animal-laserena.com\/index.php\/equipo\/","title":{"rendered":""},"content":{"rendered":"<div class=\"vce-row-container\" data-vce-boxed-width=\"true\"><div class=\"vce-row vce-row--col-gap-30 vce-row-equal-height vce-row-content--top\" id=\"el-bf0569d9\" data-vce-do-apply=\"all el-bf0569d9\"><div class=\"vce-row-content\" data-vce-element-content=\"true\"><div class=\"vce-col vce-col--md-auto vce-col--xs-1 vce-col--xs-last vce-col--xs-first vce-col--sm-last vce-col--sm-first vce-col--md-last vce-col--lg-last vce-col--xl-last vce-col--md-first vce-col--lg-first vce-col--xl-first\" id=\"el-2f9894ac\"><div class=\"vce-col-inner\" data-vce-do-apply=\"border margin background  el-2f9894ac\"><div class=\"vce-col-content\" data-vce-element-content=\"true\" data-vce-do-apply=\"padding el-2f9894ac\"><div class=\"vcv-row-control-wrapper\"><\/div><\/div><\/div><\/div><\/div><\/div><\/div><div class=\"vce-row-container\" data-vce-boxed-width=\"true\"><div class=\"vce-row vce-row--col-gap-30 vce-row-equal-height vce-row-content--top\" id=\"el-526d3075\" data-vce-do-apply=\"all el-526d3075\"><div class=\"vce-row-content\" data-vce-element-content=\"true\"><div class=\"vce-col vce-col--md-auto vce-col--xs-1 vce-col--xs-last vce-col--xs-first vce-col--sm-last vce-col--sm-first vce-col--md-first vce-col--lg-first vce-col--xl-first\" id=\"el-b91d9155\"><div class=\"vce-col-inner\" data-vce-do-apply=\"border margin background  el-b91d9155\"><div class=\"vce-col-content\" data-vce-element-content=\"true\" data-vce-do-apply=\"padding el-b91d9155\"><div class=\"vce-single-image-container vce-single-image--align-left\"><div class=\"vce vce-single-image-wrapper\" id=\"el-49299052\" data-vce-do-apply=\"all el-49299052\"><figure><div class=\"vce-single-image-figure-inner\" style=\"width: 837px;\"><div class=\"vce-single-image-inner vce-single-image--absolute vce-single-image--border-round\" style=\"width: 100%; padding-bottom: 100%;\"><img loading=\"lazy\" decoding=\"async\" class=\"vce-single-image\"  width=\"837\" height=\"837\" srcset=\"https:\/\/veterinaria.terra-animal-laserena.com\/wp-content\/uploads\/2026\/04\/WhatsApp-Image-2023-11-07-at-14.38.02-320x320.jpeg 320w\" src=\"https:\/\/veterinaria.terra-animal-laserena.com\/wp-content\/uploads\/2023\/11\/WhatsApp-Image-2023-11-07-at-14.38.02.jpeg\" data-img-src=\"https:\/\/veterinaria.terra-animal-laserena.com\/wp-content\/uploads\/2023\/11\/WhatsApp-Image-2023-11-07-at-14.38.02.jpeg\" data-attachment-id=\"292\"  alt=\"\" title=\"WhatsApp Image 2023-11-07 at 14.38.02\" \/><\/div><\/div><figcaption hidden=\"\"><\/figcaption><\/figure><\/div><\/div><div class=\"vce-text-block\"><div class=\"vce-text-block-wrapper vce\" id=\"el-d2050977\" data-vce-do-apply=\"all el-d2050977\"><h2><span style=\"font-size: 18pt; color: #ff6600;\">Evelyn Venegas<\/span><\/h2><div class=\"oKdM2c\"><div id=\"h.14a4b30822ebc231_59\" class=\"hJDwNd-AhqUyc-II5mzb pSzOP-AhqUyc-II5mzb jXK9ad D2fZ2 GNzUNc\"><div class=\"jXK9ad-SmKAyb\"><div class=\"tyJCtd mGzaTb baZpAe\"><div class=\"CjVfdc\"><span style=\"font-size: 12pt;\"><strong>Directora T\u00e9cnico y Jefa de Medicina Interna<\/strong><\/span><\/div><\/div><\/div><\/div><\/div><div class=\"oKdM2c\"><div id=\"h.14a4b30822ebc231_67\" class=\"hJDwNd-AhqUyc-II5mzb pSzOP-AhqUyc-II5mzb jXK9ad D2fZ2 wHaque GNzUNc\"><div class=\"jXK9ad-SmKAyb\"><div class=\"tyJCtd mGzaTb baZpAe\"><div id=\"h.i0tq1f2xrv7d\" class=\"GV3q8e aP9Z7e\">&nbsp;<\/div><div class=\"CjVfdc\"><div class=\"PPhIP rviiZ\"><div class=\"U26fgb mUbCce fKz7Od LRAOtb Znu9nd M9Bg4d\" role=\"presentation\" aria-describedby=\"h.i0tq1f2xrv7d\" aria-label=\"Copiar v\u00ednculo de encabezado\" aria-disabled=\"false\" data-tooltip=\"Copiar v\u00ednculo de encabezado\" aria-hidden=\"true\" data-tooltip-position=\"top\" data-tooltip-vertical-offset=\"12\" data-tooltip-horizontal-offset=\"0\"><div class=\"VTBa7b MbhUzd\"><span style=\"font-size: 12pt;\">M\u00e9dica Veterinaria con m\u00e1s de 12 a\u00f1os de experiencia en el rubro.<\/span><\/div><div>&nbsp;<\/div><\/div><\/div><\/div><\/div><\/div><\/div><\/div><\/div><\/div><\/div><\/div><\/div><div class=\"vce-col vce-col--md-auto vce-col--xs-1 vce-col--xs-last vce-col--xs-first vce-col--sm-last vce-col--sm-first\" id=\"el-90f2e69d\"><div class=\"vce-col-inner\" data-vce-do-apply=\"border margin background  el-90f2e69d\"><div class=\"vce-col-content\" data-vce-element-content=\"true\" data-vce-do-apply=\"padding el-90f2e69d\"><div class=\"vce-single-image-container vce-single-image--align-left\"><div class=\"vce vce-single-image-wrapper\" id=\"el-dde095ed\" data-vce-do-apply=\"all el-dde095ed\"><figure><div class=\"vce-single-image-figure-inner\" style=\"width: 840px;\"><div class=\"vce-single-image-inner vce-single-image--absolute vce-single-image--border-round\" style=\"width: 100%; padding-bottom: 100%;\"><img loading=\"lazy\" decoding=\"async\" class=\"vce-single-image\"  width=\"840\" height=\"840\" srcset=\"https:\/\/veterinaria.terra-animal-laserena.com\/wp-content\/uploads\/2023\/11\/WhatsApp-Image-2023-11-07-at-14.38.17-840x1024.jpeg 840w, https:\/\/veterinaria.terra-animal-laserena.com\/wp-content\/uploads\/2026\/04\/WhatsApp-Image-2023-11-07-at-14.38.17-320x320.jpeg 320w\" src=\"https:\/\/veterinaria.terra-animal-laserena.com\/wp-content\/uploads\/2023\/11\/WhatsApp-Image-2023-11-07-at-14.38.17-840x1024.jpeg\" data-img-src=\"https:\/\/veterinaria.terra-animal-laserena.com\/wp-content\/uploads\/2023\/11\/WhatsApp-Image-2023-11-07-at-14.38.17.jpeg\" data-attachment-id=\"288\"  alt=\"\" title=\"WhatsApp Image 2023-11-07 at 14.38.17\" \/><\/div><\/div><figcaption hidden=\"\"><\/figcaption><\/figure><\/div><\/div><div class=\"vce-text-block\"><div class=\"vce-text-block-wrapper vce\" id=\"el-f5f33a3c\" data-vce-do-apply=\"all el-f5f33a3c\"><h2><span style=\"font-size: 18pt; color: #ff6600;\">Nicole Areyuna<\/span><\/h2><div class=\"oKdM2c\"><div id=\"h.14a4b30822ebc231_59\" class=\"hJDwNd-AhqUyc-II5mzb pSzOP-AhqUyc-II5mzb jXK9ad D2fZ2 GNzUNc\"><div class=\"jXK9ad-SmKAyb\"><div class=\"tyJCtd mGzaTb baZpAe\"><div class=\"CjVfdc\"><span style=\"font-size: 16px;\"><b>M\u00e9dica Veterinaria&nbsp;<\/b><\/span><\/div><\/div><\/div><\/div><\/div><div class=\"oKdM2c\"><div id=\"h.14a4b30822ebc231_67\" class=\"hJDwNd-AhqUyc-II5mzb pSzOP-AhqUyc-II5mzb jXK9ad D2fZ2 wHaque GNzUNc\"><div class=\"jXK9ad-SmKAyb\"><div class=\"tyJCtd mGzaTb baZpAe\"><div id=\"h.i0tq1f2xrv7d\" class=\"GV3q8e aP9Z7e\">&nbsp;<\/div><div class=\"CjVfdc\"><div class=\"PPhIP rviiZ\"><div class=\"U26fgb mUbCce fKz7Od LRAOtb Znu9nd M9Bg4d\" role=\"presentation\" aria-describedby=\"h.i0tq1f2xrv7d\" aria-label=\"Copiar v\u00ednculo de encabezado\" aria-disabled=\"false\" data-tooltip=\"Copiar v\u00ednculo de encabezado\" aria-hidden=\"true\" data-tooltip-position=\"top\" data-tooltip-vertical-offset=\"12\" data-tooltip-horizontal-offset=\"0\"><div class=\"VTBa7b MbhUzd\"><span style=\"font-size: 12pt;\">Con 7 a\u00f1os de experiencia, dedicada a la&nbsp; medicina interna y felina.<\/span><\/div><\/div><\/div><\/div><\/div><\/div><\/div><\/div><\/div><\/div><\/div><\/div><\/div><div class=\"vce-col vce-col--md-auto vce-col--xs-1 vce-col--xs-last vce-col--xs-first vce-col--sm-last vce-col--sm-first vce-col--md-last vce-col--lg-last vce-col--xl-last\" id=\"el-eecb74e7\"><div class=\"vce-col-inner\" data-vce-do-apply=\"border margin background  el-eecb74e7\"><div class=\"vce-col-content\" data-vce-element-content=\"true\" data-vce-do-apply=\"padding el-eecb74e7\"><div class=\"vcv-row-control-wrapper\"><\/div><\/div><\/div><\/div><\/div><\/div><\/div><div class=\"vce-row-container\" data-vce-boxed-width=\"true\"><div class=\"vce-row vce-row--col-gap-30 vce-row-equal-height vce-row-content--top\" id=\"el-a30d971e\" data-vce-do-apply=\"all el-a30d971e\"><div class=\"vce-row-content\" data-vce-element-content=\"true\"><div class=\"vce-col vce-col--md-auto vce-col--xs-1 vce-col--xs-last vce-col--xs-first vce-col--sm-last vce-col--sm-first vce-col--md-first vce-col--lg-first vce-col--xl-first\" id=\"el-5c728d14\"><div class=\"vce-col-inner\" data-vce-do-apply=\"border margin background  el-5c728d14\"><div class=\"vce-col-content\" data-vce-element-content=\"true\" data-vce-do-apply=\"padding el-5c728d14\"><div class=\"vce-single-image-container vce-single-image--align-left\"><div class=\"vce vce-single-image-wrapper\" id=\"el-12551d9f\" data-vce-do-apply=\"all el-12551d9f\"><figure><div class=\"vce-single-image-figure-inner\" style=\"width: 500px;\"><div class=\"vce-single-image-inner vce-single-image--absolute vce-single-image--border-round\" style=\"width: 100%; padding-bottom: 100%;\"><img loading=\"lazy\" decoding=\"async\" class=\"vce-single-image\"  width=\"500\" height=\"500\" srcset=\"https:\/\/veterinaria.terra-animal-laserena.com\/wp-content\/uploads\/2024\/11\/Oscar-1-e1731834287641-500x444.jpeg 500w, https:\/\/veterinaria.terra-animal-laserena.com\/wp-content\/uploads\/2026\/04\/Oscar-1-e1731834287641-320x320.jpeg 320w\" src=\"https:\/\/veterinaria.terra-animal-laserena.com\/wp-content\/uploads\/2024\/11\/Oscar-1-e1731834287641-500x444.jpeg\" data-img-src=\"https:\/\/veterinaria.terra-animal-laserena.com\/wp-content\/uploads\/2024\/11\/Oscar-1-e1731834287641.jpeg\" data-attachment-id=\"299\"  alt=\"\" title=\"Oscar\" \/><\/div><\/div><figcaption hidden=\"\"><\/figcaption><\/figure><\/div><\/div><div class=\"vce-text-block\"><div class=\"vce-text-block-wrapper vce\" id=\"el-bcef8f3c\" data-vce-do-apply=\"all el-bcef8f3c\"><h2><span style=\"font-size: 18pt; color: #ff6600;\">Oscar \u00c1lvarez<\/span><\/h2><div class=\"oKdM2c\"><div id=\"h.14a4b30822ebc231_59\" class=\"hJDwNd-AhqUyc-II5mzb pSzOP-AhqUyc-II5mzb jXK9ad D2fZ2 GNzUNc\"><div class=\"jXK9ad-SmKAyb\"><div class=\"tyJCtd mGzaTb baZpAe\"><div class=\"CjVfdc\"><div class=\"CjVfdc\"><strong><span style=\"font-size: 12pt;\">T\u00e9cnico Veterinario<\/span><\/strong><\/div><\/div><\/div><\/div><\/div><\/div><div class=\"oKdM2c\"><div id=\"h.14a4b30822ebc231_67\" class=\"hJDwNd-AhqUyc-II5mzb pSzOP-AhqUyc-II5mzb jXK9ad D2fZ2 wHaque GNzUNc\"><div class=\"jXK9ad-SmKAyb\"><div class=\"tyJCtd mGzaTb baZpAe\"><div id=\"h.i0tq1f2xrv7d\" class=\"GV3q8e aP9Z7e\">&nbsp;<\/div><div class=\"CjVfdc\"><div class=\"PPhIP rviiZ\"><div class=\"U26fgb mUbCce fKz7Od LRAOtb Znu9nd M9Bg4d\" role=\"presentation\" aria-describedby=\"h.i0tq1f2xrv7d\" aria-label=\"Copiar v\u00ednculo de encabezado\" aria-disabled=\"false\" data-tooltip=\"Copiar v\u00ednculo de encabezado\" aria-hidden=\"true\" data-tooltip-position=\"top\" data-tooltip-vertical-offset=\"12\" data-tooltip-horizontal-offset=\"0\"><div class=\"VTBa7b MbhUzd\">Encargado de&nbsp; toma de muestras, recepci\u00f3n de pacientes, traslado de mascotas<\/div><\/div><\/div><\/div><\/div><\/div><\/div><\/div><\/div><\/div><\/div><\/div><\/div><div class=\"vce-col vce-col--md-auto vce-col--xs-1 vce-col--xs-last vce-col--xs-first vce-col--sm-last vce-col--sm-first\" id=\"el-ae04bea3\"><div class=\"vce-col-inner\" data-vce-do-apply=\"border margin background  el-ae04bea3\"><div class=\"vce-col-content\" data-vce-element-content=\"true\" data-vce-do-apply=\"padding el-ae04bea3\"><div class=\"vce-single-image-container vce-single-image--align-left\"><div class=\"vce vce-single-image-wrapper\" id=\"el-7cfb0ed4\" data-vce-do-apply=\"all el-7cfb0ed4\"><figure><div class=\"vce-single-image-figure-inner\" style=\"width: 819px;\"><div class=\"vce-single-image-inner vce-single-image--absolute vce-single-image--border-round\" style=\"width: 100%; padding-bottom: 100%;\"><img loading=\"lazy\" decoding=\"async\" class=\"vce-single-image\"  width=\"819\" height=\"819\" srcset=\"https:\/\/veterinaria.terra-animal-laserena.com\/wp-content\/uploads\/2021\/12\/197805537_323151009296914_1385243376868493718_n-819x1024.jpg 819w, https:\/\/veterinaria.terra-animal-laserena.com\/wp-content\/uploads\/2026\/04\/197805537_323151009296914_1385243376868493718_n-320x320.jpg 320w\" src=\"https:\/\/veterinaria.terra-animal-laserena.com\/wp-content\/uploads\/2021\/12\/197805537_323151009296914_1385243376868493718_n-819x1024.jpg\" data-img-src=\"https:\/\/veterinaria.terra-animal-laserena.com\/wp-content\/uploads\/2021\/12\/197805537_323151009296914_1385243376868493718_n.jpg\" data-attachment-id=\"86\"  alt=\"\" title=\"197805537_323151009296914_1385243376868493718_n\" \/><\/div><\/div><figcaption hidden=\"\"><\/figcaption><\/figure><\/div><\/div><div class=\"vce-text-block\"><div class=\"vce-text-block-wrapper vce\" id=\"el-17bed119\" data-vce-do-apply=\"all el-17bed119\"><h2><span style=\"font-size: 18pt; color: #ff6600;\">Catalina Salinas<\/span><\/h2><div class=\"oKdM2c\"><div id=\"h.14a4b30822ebc231_59\" class=\"hJDwNd-AhqUyc-II5mzb pSzOP-AhqUyc-II5mzb jXK9ad D2fZ2 GNzUNc\"><div class=\"jXK9ad-SmKAyb\"><div class=\"tyJCtd mGzaTb baZpAe\"><div class=\"CjVfdc\"><span style=\"font-size: 12pt;\"><strong>Anfitriona y&nbsp;<\/strong><\/span><span style=\"font-size: 16px;\"><b>Recepcionista<\/b><\/span><\/div><\/div><\/div><\/div><\/div><div class=\"oKdM2c\"><div id=\"h.14a4b30822ebc231_67\" class=\"hJDwNd-AhqUyc-II5mzb pSzOP-AhqUyc-II5mzb jXK9ad D2fZ2 wHaque GNzUNc\"><div class=\"jXK9ad-SmKAyb\"><div class=\"tyJCtd mGzaTb baZpAe\"><div id=\"h.i0tq1f2xrv7d\" class=\"GV3q8e aP9Z7e\">&nbsp;<\/div><div class=\"CjVfdc\"><div class=\"PPhIP rviiZ\"><div class=\"U26fgb mUbCce fKz7Od LRAOtb Znu9nd M9Bg4d\" role=\"presentation\" aria-describedby=\"h.i0tq1f2xrv7d\" aria-label=\"Copiar v\u00ednculo de encabezado\" aria-disabled=\"false\" data-tooltip=\"Copiar v\u00ednculo de encabezado\" aria-hidden=\"true\" data-tooltip-position=\"top\" data-tooltip-vertical-offset=\"12\" data-tooltip-horizontal-offset=\"0\"><div class=\"VTBa7b MbhUzd\"><span style=\"font-size: 12pt;\">Atenci\u00f3n al cliente y recepci\u00f3n de publico. Manejo de redes sociales.<\/span><\/div><\/div><\/div><\/div><\/div><\/div><\/div><\/div><\/div><\/div><\/div><\/div><\/div><div class=\"vce-col vce-col--md-auto vce-col--xs-1 vce-col--xs-last vce-col--xs-first vce-col--sm-last vce-col--sm-first vce-col--md-last vce-col--lg-last vce-col--xl-last\" id=\"el-3e85b86d\"><div class=\"vce-col-inner\" data-vce-do-apply=\"border margin background  el-3e85b86d\"><div class=\"vce-col-content\" data-vce-element-content=\"true\" data-vce-do-apply=\"padding el-3e85b86d\"><div class=\"vce-single-image-container vce-single-image--align-left\"><div class=\"vce vce-single-image-wrapper\" id=\"el-f06f875d\" data-vce-do-apply=\"all el-f06f875d\"><figure><div class=\"vce-single-image-figure-inner\" style=\"width: 873px;\"><div class=\"vce-single-image-inner vce-single-image--absolute vce-single-image--border-round\" style=\"width: 100%; padding-bottom: 100%;\"><img loading=\"lazy\" decoding=\"async\" class=\"vce-single-image\"  width=\"873\" height=\"873\" srcset=\"https:\/\/veterinaria.terra-animal-laserena.com\/wp-content\/uploads\/2026\/04\/259207900_1101248590631719_9134776832397286128_n-320x320.jpg 320w\" src=\"https:\/\/veterinaria.terra-animal-laserena.com\/wp-content\/uploads\/2021\/12\/259207900_1101248590631719_9134776832397286128_n.jpg\" data-img-src=\"https:\/\/veterinaria.terra-animal-laserena.com\/wp-content\/uploads\/2021\/12\/259207900_1101248590631719_9134776832397286128_n.jpg\" data-attachment-id=\"71\"  alt=\"\" title=\"259207900_1101248590631719_9134776832397286128_n\" \/><\/div><\/div><figcaption hidden=\"\"><\/figcaption><\/figure><\/div><\/div><div class=\"vce-text-block\"><div class=\"vce-text-block-wrapper vce\" id=\"el-f7fa8cb0\" data-vce-do-apply=\"all el-f7fa8cb0\"><h2><span style=\"font-size: 18pt; color: #ff6600;\">Rodrigo Ramos<\/span><\/h2><div class=\"oKdM2c\"><div id=\"h.14a4b30822ebc231_59\" class=\"hJDwNd-AhqUyc-II5mzb pSzOP-AhqUyc-II5mzb jXK9ad D2fZ2 GNzUNc\"><div class=\"jXK9ad-SmKAyb\"><div class=\"tyJCtd mGzaTb baZpAe\"><div class=\"CjVfdc\"><span style=\"font-size: 12pt;\"><strong>Encargado de Administraci\u00f3n<\/strong><\/span><\/div><\/div><\/div><\/div><\/div><div class=\"oKdM2c\"><div id=\"h.14a4b30822ebc231_67\" class=\"hJDwNd-AhqUyc-II5mzb pSzOP-AhqUyc-II5mzb jXK9ad D2fZ2 wHaque GNzUNc\"><div class=\"jXK9ad-SmKAyb\"><div class=\"tyJCtd mGzaTb baZpAe\"><div id=\"h.i0tq1f2xrv7d\" class=\"GV3q8e aP9Z7e\">&nbsp;<\/div><div class=\"CjVfdc\"><div class=\"PPhIP rviiZ\"><div class=\"U26fgb mUbCce fKz7Od LRAOtb Znu9nd M9Bg4d\" role=\"presentation\" aria-describedby=\"h.i0tq1f2xrv7d\" aria-label=\"Copiar v\u00ednculo de encabezado\" aria-disabled=\"false\" data-tooltip=\"Copiar v\u00ednculo de encabezado\" aria-hidden=\"true\" data-tooltip-position=\"top\" data-tooltip-vertical-offset=\"12\" data-tooltip-horizontal-offset=\"0\"><div class=\"VTBa7b MbhUzd\"><span style=\"font-size: 12pt;\">Atenci\u00f3n al cliente, manejo de adquisiciones y finanzas<\/span><\/div><\/div><\/div><\/div><\/div><\/div><\/div><\/div><\/div><\/div><\/div><\/div><\/div><\/div><\/div><\/div><div class=\"vce-row-container\" data-vce-boxed-width=\"true\"><div class=\"vce-row vce-row--col-gap-30 vce-row-equal-height vce-row-content--top\" id=\"el-71bd66ef\" data-vce-do-apply=\"all el-71bd66ef\"><div class=\"vce-row-content\" data-vce-element-content=\"true\"><div class=\"vce-col vce-col--md-auto vce-col--xs-1 vce-col--xs-last vce-col--xs-first vce-col--sm-last vce-col--sm-first vce-col--md-first vce-col--lg-first vce-col--xl-first\" id=\"el-6f5297e7\"><div class=\"vce-col-inner\" data-vce-do-apply=\"border margin background  el-6f5297e7\"><div class=\"vce-col-content\" data-vce-element-content=\"true\" data-vce-do-apply=\"padding el-6f5297e7\"><div class=\"vce-single-image-container vce-single-image--align-left\"><div class=\"vce vce-single-image-wrapper\" id=\"el-dab54e2a\" data-vce-do-apply=\"all el-dab54e2a\"><figure><div class=\"vce-single-image-figure-inner\" style=\"width: 1024px;\"><div class=\"vce-single-image-inner vce-single-image--absolute vce-single-image--border-round\" style=\"width: 100%; padding-bottom: 100%;\"><img loading=\"lazy\" decoding=\"async\" class=\"vce-single-image\"  width=\"1024\" height=\"1024\" srcset=\"https:\/\/veterinaria.terra-animal-laserena.com\/wp-content\/uploads\/2021\/12\/120190845_270291050668576_611952072732977393_n-1024x1024.jpg 1024w, https:\/\/veterinaria.terra-animal-laserena.com\/wp-content\/uploads\/2026\/04\/120190845_270291050668576_611952072732977393_n-320x320.jpg 320w\" src=\"https:\/\/veterinaria.terra-animal-laserena.com\/wp-content\/uploads\/2021\/12\/120190845_270291050668576_611952072732977393_n-1024x1024.jpg\" data-img-src=\"https:\/\/veterinaria.terra-animal-laserena.com\/wp-content\/uploads\/2021\/12\/120190845_270291050668576_611952072732977393_n.jpg\" data-attachment-id=\"88\"  alt=\"\" title=\"120190845_270291050668576_611952072732977393_n\" \/><\/div><\/div><figcaption hidden=\"\"><\/figcaption><\/figure><\/div><\/div><div class=\"vce-text-block\"><div class=\"vce-text-block-wrapper vce\" id=\"el-0197cd55\" data-vce-do-apply=\"all el-0197cd55\"><h2><span style=\"font-size: 18pt; color: #ff6600;\">Luis Sampedro<\/span><\/h2><div class=\"oKdM2c\"><div id=\"h.14a4b30822ebc231_59\" class=\"hJDwNd-AhqUyc-II5mzb pSzOP-AhqUyc-II5mzb jXK9ad D2fZ2 GNzUNc\"><div class=\"jXK9ad-SmKAyb\"><div class=\"tyJCtd mGzaTb baZpAe\"><div class=\"CjVfdc\"><span style=\"font-size: 12pt;\"><strong>Peluquero<\/strong><\/span><\/div><\/div><\/div><\/div><\/div><div class=\"oKdM2c\"><div id=\"h.14a4b30822ebc231_67\" class=\"hJDwNd-AhqUyc-II5mzb pSzOP-AhqUyc-II5mzb jXK9ad D2fZ2 wHaque GNzUNc\"><div class=\"jXK9ad-SmKAyb\"><div class=\"tyJCtd mGzaTb baZpAe\"><div id=\"h.i0tq1f2xrv7d\" class=\"GV3q8e aP9Z7e\">&nbsp;<\/div><div class=\"CjVfdc\"><div class=\"PPhIP rviiZ\"><div class=\"U26fgb mUbCce fKz7Od LRAOtb Znu9nd M9Bg4d\" role=\"presentation\" aria-describedby=\"h.i0tq1f2xrv7d\" aria-label=\"Copiar v\u00ednculo de encabezado\" aria-disabled=\"false\" data-tooltip=\"Copiar v\u00ednculo de encabezado\" aria-hidden=\"true\" data-tooltip-position=\"top\" data-tooltip-vertical-offset=\"12\" data-tooltip-horizontal-offset=\"0\"><div class=\"VTBa7b MbhUzd\"><span style=\"font-size: 12pt;\">15 a\u00f1os de experiencia en peluquer\u00eda canina y felina<\/span><\/div><\/div><\/div><\/div><\/div><\/div><\/div><\/div><\/div><\/div><\/div><\/div><\/div><div class=\"vce-col vce-col--md-auto vce-col--xs-1 vce-col--xs-last vce-col--xs-first vce-col--sm-last vce-col--sm-first\" id=\"el-6d914ca0\"><div class=\"vce-col-inner\" data-vce-do-apply=\"border margin background  el-6d914ca0\"><div class=\"vce-col-content\" data-vce-element-content=\"true\" data-vce-do-apply=\"padding el-6d914ca0\"><div class=\"vcv-row-control-wrapper\"><\/div><\/div><\/div><\/div><div class=\"vce-col vce-col--md-auto vce-col--xs-1 vce-col--xs-last vce-col--xs-first vce-col--sm-last vce-col--sm-first vce-col--md-last vce-col--lg-last vce-col--xl-last\" id=\"el-2654775a\"><div class=\"vce-col-inner\" data-vce-do-apply=\"border margin background  el-2654775a\"><div class=\"vce-col-content\" data-vce-element-content=\"true\" data-vce-do-apply=\"padding el-2654775a\"><div class=\"vcv-row-control-wrapper\"><\/div><\/div><\/div><\/div><\/div><\/div><\/div><div class=\"vce-row-container\" data-vce-boxed-width=\"true\"><div class=\"vce-row vce-row--col-gap-30 vce-row-equal-height vce-row-content--top\" id=\"el-708473d1\" data-vce-do-apply=\"all el-708473d1\"><div class=\"vce-row-content\" data-vce-element-content=\"true\"><div class=\"vce-col vce-col--md-auto vce-col--xs-1 vce-col--xs-last vce-col--xs-first vce-col--sm-last vce-col--sm-first vce-col--md-first vce-col--lg-first vce-col--xl-first\" id=\"el-8928d819\"><div class=\"vce-col-inner\" data-vce-do-apply=\"border margin background  el-8928d819\"><div class=\"vce-col-content\" data-vce-element-content=\"true\" data-vce-do-apply=\"padding el-8928d819\"><div class=\"vcv-row-control-wrapper\"><\/div><\/div><\/div><\/div><div class=\"vce-col vce-col--md-auto vce-col--xs-1 vce-col--xs-last vce-col--xs-first vce-col--sm-last vce-col--sm-first\" id=\"el-9e9eb4bf\"><div class=\"vce-col-inner\" data-vce-do-apply=\"border margin background  el-9e9eb4bf\"><div class=\"vce-col-content\" data-vce-element-content=\"true\" data-vce-do-apply=\"padding el-9e9eb4bf\"><div class=\"vcv-row-control-wrapper\"><\/div><\/div><\/div><\/div><div class=\"vce-col vce-col--md-auto vce-col--xs-1 vce-col--xs-last vce-col--xs-first vce-col--sm-last vce-col--sm-first vce-col--md-last vce-col--lg-last vce-col--xl-last\" id=\"el-02c7877e\"><div class=\"vce-col-inner\" data-vce-do-apply=\"border margin background  el-02c7877e\"><div class=\"vce-col-content\" data-vce-element-content=\"true\" data-vce-do-apply=\"padding el-02c7877e\"><div class=\"vcv-row-control-wrapper\"><\/div><\/div><\/div><\/div><\/div><\/div><\/div><div class=\"vce-row-container\" data-vce-boxed-width=\"true\"><div class=\"vce-row vce-row--col-gap-30 vce-row-equal-height vce-row-content--top\" id=\"el-43473b61\" data-vce-do-apply=\"all el-43473b61\"><div class=\"vce-row-content\" data-vce-element-content=\"true\"><div class=\"vce-col vce-col--md-auto vce-col--xs-1 vce-col--xs-last vce-col--xs-first vce-col--sm-last vce-col--sm-first vce-col--md-first vce-col--lg-first vce-col--xl-first\" id=\"el-e38afa1e\"><div class=\"vce-col-inner\" data-vce-do-apply=\"border margin background  el-e38afa1e\"><div class=\"vce-col-content\" data-vce-element-content=\"true\" data-vce-do-apply=\"padding el-e38afa1e\"><div class=\"vcv-row-control-wrapper\"><\/div><\/div><\/div><\/div><div class=\"vce-col vce-col--md-auto vce-col--xs-1 vce-col--xs-last vce-col--xs-first vce-col--sm-last vce-col--sm-first vce-col--md-last vce-col--lg-last vce-col--xl-last\" id=\"el-3fe7a358\"><div class=\"vce-col-inner\" data-vce-do-apply=\"border margin background  el-3fe7a358\"><div class=\"vce-col-content\" data-vce-element-content=\"true\" data-vce-do-apply=\"padding el-3fe7a358\"><div class=\"vcv-row-control-wrapper\"><\/div><\/div><\/div><\/div><\/div><\/div><\/div>","protected":false},"excerpt":{"rendered":"<p>Evelyn VenegasDirectora T\u00e9cnico y Jefa de Medicina Interna&nbsp;M\u00e9dica Veterinaria con m\u00e1s de 12 a\u00f1os de experiencia en el rubro.&nbsp;Nicole AreyunaM\u00e9dica<\/p>\n<p><span class=\"more-link\"><a href=\"https:\/\/veterinaria.terra-animal-laserena.com\/index.php\/equipo\/\" class=\"readmore\">Continue reading<span class=\"screen-reader-text\"><\/span><\/a><\/span><\/p>\n","protected":false},"author":1,"featured_media":0,"parent":0,"menu_order":0,"comment_status":"closed","ping_status":"closed","template":"","meta":{"om_disable_all_campaigns":false,"_monsterinsights_skip_tracking":false,"_monsterinsights_sitenote_active":false,"_monsterinsights_sitenote_note":"","_monsterinsights_sitenote_category":0,"footnotes":""},"class_list":["post-65","page","type-page","status-publish","hentry"],"aioseo_notices":[],"_links":{"self":[{"href":"https:\/\/veterinaria.terra-animal-laserena.com\/index.php\/wp-json\/wp\/v2\/pages\/65","targetHints":{"allow":["GET"]}}],"collection":[{"href":"https:\/\/veterinaria.terra-animal-laserena.com\/index.php\/wp-json\/wp\/v2\/pages"}],"about":[{"href":"https:\/\/veterinaria.terra-animal-laserena.com\/index.php\/wp-json\/wp\/v2\/types\/page"}],"author":[{"embeddable":true,"href":"https:\/\/veterinaria.terra-animal-laserena.com\/index.php\/wp-json\/wp\/v2\/users\/1"}],"replies":[{"embeddable":true,"href":"https:\/\/veterinaria.terra-animal-laserena.com\/index.php\/wp-json\/wp\/v2\/comments?post=65"}],"version-history":[{"count":32,"href":"https:\/\/veterinaria.terra-animal-laserena.com\/index.php\/wp-json\/wp\/v2\/pages\/65\/revisions"}],"predecessor-version":[{"id":306,"href":"https:\/\/veterinaria.terra-animal-laserena.com\/index.php\/wp-json\/wp\/v2\/pages\/65\/revisions\/306"}],"wp:attachment":[{"href":"https:\/\/veterinaria.terra-animal-laserena.com\/index.php\/wp-json\/wp\/v2\/media?parent=65"}],"curies":[{"name":"wp","href":"https:\/\/api.w.org\/{rel}","templated":true}]}}